. Calculate a(11).
163
Let x(f) = f**3 - 32*f**2 - 152*f + 15. Give x(36).
-273
Let a(k) = -k**2 - 12*k + 1192. Determine a(29).
3
Let a(w) = 9*w**2 + 1029*w - 9994. Calculate a(9).
-4
Let v(n) = 55050*n - 3743406. What is v(68)?
-6
Let d(h) = 55*h**2 + 43*h + 117. Give d(-5).
1277
Let w(n) = 74*n**3 - 9*n**2 + 522*n + 1054. Give w(-2).
-618
Let i(l) = -6*l**2 + 435*l + 3077. Calculate i(79).
-4
Let v(k) = k**2 - 220*k - 20927. What is v(293)?
462
Let x(o) = 196*o + 12840. Determine x(-66).
-96
Let r(x) = -x**3 + 25*x**2 - 182*x - 49. Give r(12).
-361
Let o(q) = -2*q**3 - 17*q**2 - 173*q - 1075. Calculate o(-7).
-11
Let d(h) = -5*h**3 + 8*h**2 - 126*h - 17. What is d(6)?
-1565
Let d(w) = 313122*w + 2191858. Calculate d(-7).
4
Let b(k) = -2*k**2 - 4495*k - 725368. Determine b(-175).
7
Let k(y) = -195*y - 8209. Give k(-42).
-19
Let c(v) = -52524*v + 105065. Give c(2).
17
Let a(h) = -9*h**3 - 3*h**2 - 112*h - 110. Determine a(-1).
8
Let x(p) = 33*p**2 + 11076*p - 4023. Give x(-336).
9
Let a(r) = r**3 + 38*r**2 + 391*r + 16760. Determine a(-39).
-10
Let u(f) = 3*f**3 + 16*f**2 + 8921*f + 71870. Calculate u(-8).
-10
Let u(f) = 1663*f + 41811. Determine u(-25).
236
Let r(w) = -w**3 - 61*w**2 + 2532*w + 155517. Calculate r(-60).
-3
Let g(n) = 7*n**3 - 66*n**2 + 37*n - 1. Give g(10).
769
Let s(l) = 79*l**2 + 120*l + 773. Calculate s(-6).
2897
Let o(h) = -h**2 - 1669*h - 119585. Determine o(-75).
-35
Let m(c) = -19506*c**2 + 97535*c + 3. Calculate m(5).
28
Let j(l) = l**2 + 4592*l - 110836. What is j(24)?
-52
Let g(j) = -5*j**2 - 389*j + 2640. Calculate g(-84).
36
Let k(s) = s**2 + 82698*s + 496159. Determine k(-6).
7
Let j(h) = -4*h**3 + 32*h**2 - 21*h + 174. Give j(7).
223
Let m(p) = -p**3 + 10*p**2 - 66*p + 1428. Determine m(12).
348
Let p(d) = -2447*d - 24704. Calculate p(-9).
-2681
Let s(n) = -n**2 - 148*n - 906. Determine s(-125).
1969
Let z(o) = 2195*o + 39484. Calculate z(-18).
-26
Let p(r) = 46865*r - 137. What is p(0)?
-137
Let u(l) = l**3 + 78*l**2 - 75*l + 289. Give u(-79).
-27
Let q(w) = -1588*w - 139740. Determine q(-88).
4
Let x(k) = -3*k**2 - 45154*k + 225813. Calculate x(5).
-32
Let q(x) = -1759*x - 93243. Calculate q(-53).
-16
Let r(j) = j**3 + 313*j**2 - 3527*j + 11917. Calculate r(-324).
-71
Let t(f) = -913*f + 2771. Give t(3).
32
Let p(u) = -480*u**2 + 156*u - 430. What is p(3)?
-4282
Let g(i) = 55*i**2 - 288*i + 1363. Give g(5).
1298
Let h(o) = -3*o**3 + 5*o**2 + 21*o - 2. Calculate h(9).
-1595
Let w(l) = 471*l - 146953. Determine w(312).
-1
Let d(b) = -2*b**2 + 390*b + 6765. What is d(-16)?
13
Let q(f) = -2643*f + 898644. Calculate q(340).
24
Let q(m) = 2*m**2 - 5706*m + 146816. Give q(26).
-188
Let z(b) = -21125*b - 464825. Determine z(-22).
-75
Let n(r) = r**3 - 168*r**2 - 1033*r - 1927. What is n(174)?
-13
Let u(a) = -a**3 + 12*a**2 + 169*a - 862. Give u(5).
158
Let w(t) = 304264*t - 40771380. What is w(134)?
-4
Let q(y) = -y**2 + 9396*y - 2143907. Determine q(234).
1
Let n(x) = 90951*x + 1091410. Calculate n(-12).
-2
Let g(z) = -z**2 - 485*z + 1952. Determine g(-489).
-4
Let z(t) = 42*t**3 - 254*t**2 + 24*t - 135. What is z(6)?
-63
Let a(g) = -6771*g - 2146421. What is a(-317)?
-14
Let g(y) = 470*y**2 - 686*y + 223. Give g(1).
7
Let k(n) = 298*n - 194. Determine k(-6).
-1982
Let l(d) = -620*d + 14653. Calculate l(23).
393
Let h(d) = -11916*d + 309778. What is h(26)?
-38
Let y(i) = -7*i**2 + 230*i - 1974. Determine y(9).
-471
Let h(l) = -3817*l - 4290. Determine h(-2).
3344
Let v(n) = 6*n**3 + 374*n**2 + 122*n - 196. What is v(-62)?
-72
Let i(v) = 2155*v + 8703. Give i(-5).
-2072
Let v(q) = 3283*q + 1598812. Give v(-487).
-9
Let h(a) = -a**3 - 74*a**2 - 1366*a - 277. What is h(-40)?
-37
Let b(l) = -7*l**2 - 10*l + 23. Give b(2).
-25
Let x(p) = -55*p**3 - 354*p**2 - 148*p + 26. What is x(-6)?
50
Let y(r) = -r**3 - 106*r**2 + 167*r + 17843. Give y(-106).
141
Let p(o) = 1304*o - 2297. What is p(2)?
311
Let x(v) = 2*v**2 - 400*v - 4660. Give x(211).
-18
Let f(j) = -j**3 + 131*j**2 - 513*j + 743. Give f(127).
108
Let y(z) = -340*z + 3996. Calculate y(12).
-84
Let p(k) = 2*k**2 + 220*k - 68449. Determine p(138).
-1
Let b(f) = -9375*f + 66176. Determine b(7).
551
Let s(c) = -28*c**2 - 2639*c - 21493. Give s(-9).
-10
Let h(r) = -1528037*r - 55009341. Calculate h(-36).
-9
Let k(i) = 3*i**3 - 51*i**2 + 40*i - 1606. Determine k(19).
1320
Let p(b) = 4*b**2 + 772*b + 14440. Calculate p(-18).
1840
Let p(j) = 14*j**3 + 1249*j**2 + 270*j + 259. Calculate p(-89).
-8
Let r(n) = -56*n**3 - 3807*n**2 + 74*n + 228. Determine r(-68).
-180
Let z(v) = -15624*v - 265266. Determine z(-17).
342
Let l(m) = 1076*m - 4007. Determine l(4).
297
Let l(q) = -39*q**2 + 53708*q + 53709. Calculate l(-1).
-38
Let m(a) = a**3 + 38*a**2 - 262*a - 7287. Give m(-40).
-7
Let m(q) = -q**3 - 12*q**2 + 564*q + 3516. Calculate m(-6).
-84
Let d(h) = 342*h**3 + h**2 + 924*h - 925. Give d(1).
342
Let y(j) = -3*j**3 + 96*j**2 - 297*j + 1043. What is y(29)?
-1
Let j(u) = 2*u**2 - 76*u - 1335. What is j(-13)?
-9
Let a(h) = -3*h**3 - 1099*h**2 + 743*h + 3381. Determine a(-367).
78
Let g(l) = 39*l**2 - 415*l + 413. Determine g(1).
37
Let f(p) = 2*p**2 + 332*p + 6530. Give f(-23).
-48
Let t(q) = 116170*q - 4879095. Give t(42).
45
Let g(b) = -b**2 - 1152*b - 141683. What is g(-140)?
-3
Let f(z) = 1621*z**2 - 3*z. What is f(-1)?
1624
Let z(u) = 1274*u - 97040. Give z(76).
-216
Let p(x) = -36852*x + 331765. Give p(9).
97
Let v(d) = 6320*d - 5669. Give v(1).
651
Let i(g) = -12*g**3 + 466*g**2 - 1214*g - 361. Calculate i(36).
-1
Let u(j) = 3*j**2 - 516*j - 36618. Calculate u(-54).
-6
Let q(f) = -45073*f - 1036610. Give q(-23).
69
Let c(a) = -a**2 + 7372*a. Calculate c(0).
0
Let n(o) = 9742*o - 19922. Calculate n(2).
-438
Let q(d) = -1615*d**2 + 11325*d - 150. Calculate q(7).
-10
Let v(l) = l**2 + 1908334*l - 11450039. Determine v(6).
1
Let r(n) = n**3 - 23*n**2 - 440*n - 19. Give r(-12).
221
Let h(d) = 5*d**2 - 96*d + 452. Give h(12).
20
Let g(o) = -o**2 + 132*o + 13642. Give g(-75).
-1883
Let s(a) = -a**3 - 10*a**2 - 27*a - 760. Determine s(-10).
-490
Let p(i) = 16*i**2 - 1284*i + 20031. What is p(59)?
-29
Let c(k) = 3432*k + 27344. Give c(-8).
-112
Let b(d) = 7*d**2 + 35815*d + 35816. Determine b(-1).
8
Let w(r) = -6031922*r - 60319223. Give w(-10).
-3
Let a(k) = -3800*k - 60691. Give a(-16).
109
Let b(q) = -62*q**2 + 1364*q - 2443. What is b(20)?
37
Let a(m) = 4*m**2 - 339*m + 6227. What is a(25)?
252
Let i(o) = -5*o**2 + 305*o - 2113. Calculate i(7).
-223
Let o(h) = -4718*h - 7614854. Determine o(-1614).
-2
Let p(v) = -35353*v - 35336. Determine p(-1).
17
Let k(r) = 2*r**3 + 40*r**2 + 63*r - 38. Determine k(-15).
1267
Let z(k) = 15*k**2 - 1691*k - 2164. Determine z(114).
2
Let k(i) = 261*i - 15400. Give k(60).
260
Let l(j) = 4631*j + 97060. What is l(-21)?
-191
Let x(v) = -v**2 + 37*v + 73. Calculate x(40).
-47
Let b(l) = -2*l**3 + 4*l**2 + 54*l + 333. What is b(-8)?
1181
Let i(k) = k**2 + 212239*k - 3820634. Give i(18).
-8
Let m(i) = 4*i**2 - 58*i - 1274. Determine m(-16).
678
Let q(a) = -a**3 + 150*a**2 + 1769*a + 318. Determine q(161).
-4
Let b(m) = 274*m**3 - 6*m**2 + 9*m + 1. Calculate b(1).
278
Let k(v) = 53*v - 3363. Calculate k(65).
82
Let r(x) = 3*x**3 - 68*x**2 + 250*x - 22. Calculate r(18).
-58
Let y(n) = 1245*n - 75612. Determine y(61).
333
Let a(z) = -8442*z - 1376470. What is a(-163)?
-424
Let d(f) = -3*f**2 - 122*f + 352. Determine d(-32).
1184
Let g(y) = -y**3 + 33*y**2 - 93*y + 1180. Determine g(31).
219
Let k(j) = -4*j**3 + 110*j**2 - 151*j - 178. Determine k(26).
-48
Let u(t) = -1016*t - 60474. What is u(-58)?
-1546
Let p(w) = -110*w**3 + 442*w**2 - 3*w + 6. What is p(4)?
26
Let b(r) = -r**3 - 139*r**2 - 99*r + 5329. Determine b(-138).
-53
Let d(h) = 4*h**3 + 158*h**2 + 73*h - 275. Determine d(-39).
-80
Let n(d) = 24*d**3 - 194*d**2 + d + 123. What is n(8)?
3
Let f(k) = 17170*k - 120134. Determine f(7).
56
Let p(g) = -295*g - 1856. Calculate p(-7).
209
Let c(t) = -14487*t - 144484. Give c(-10).
386
Let y(q) = -3*q**2 + 629*q + 16677. Determine y(-24).
-147
Let r(g) = -2*g**2 + 310*g - 9114. Give r(106).
1274
Let v(p) = 1271*p**2 - 61010*p + 91. Determine v(48).
-5
Let v(g) = -11*g**3 + 5512*g**2 - 508*g + 3512. Calculate v(501).
5
Let m(y) = -5*y**3 + 73*y**2